1911 prime?
True
Is 304271621 composite?
False
Is 3001707395 a prime number?
False
Is 1162373761 prime?
True
Is 738827443 a prime number?
False
Is 226651469 prime?
False
Is 3199065157 a prime number?
True
Is 566434133 prime?
False
Is 5312356807 composite?
True
Is 81125518171 prime?
False
Is 1196573087 composite?
False
Is 2849291 prime?
True
Is 731485901 a composite number?
True
Is 30508513703 a composite number?
False
Is 3754113599 a composite number?
False
Is 147836154847 a prime number?
False
Is 2232371149 composite?
False
Is 1936214333 composite?
False
Is 846846697 a composite number?
False
Is 6697580833 composite?
False
Is 3172619519 a prime number?
True
Is 3001054871 composite?
False
Is 383569909 prime?
True
Is 3035654987 a composite number?
True
Is 1275680351 a prime number?
False
Is 3832011291 a prime number?
False
Is 4434975961 composite?
True
Is 1266006103 a composite number?
True
Is 821020891 a prime number?
True
Is 1309787317 a composite number?
False
Is 268464891 a composite number?
True
Is 179239609079 a prime number?
False
Is 9836587885 composite?
True
Is 9564384731 a composite number?
True
Is 62080801 a composite number?
False
Is 12355977337 prime?
False
Is 12127591081 prime?
True
Is 8366917907 prime?
True
Is 45112066333 prime?
True
Is 357064033 a prime number?
True
Is 6288238247 a prime number?
False
Is 452159269 a prime number?
True
Is 6500625163 prime?
False
Is 125465567 composite?
True
Is 57331146911 composite?
False
Is 15689835817 a composite number?
True
Is 5649158621 a composite number?
False
Is 39943880299 prime?
False
Is 407717521 composite?
False
Is 152621759 composite?
True
Is 75538777 prime?
False
Is 23575510333 a prime number?
False
Is 9618132219 a prime number?
False
Is 2078689597 prime?
True
Is 7358676163 a prime number?
True
Is 3448591063 composite?
True
Is 13853086729 composite?
False
Is 42729323179 a composite number?
False
Is 1104765521 a prime number?
True
Is 857620477 a composite number?
True
Is 75475822517 a prime number?
True
Is 164656989563 composite?
True
Is 25875460285 a prime number?
False
Is 91134821809 composite?
False
Is 84992472811 composite?
False
Is 13317221783 a prime number?
True
Is 16944158669 composite?
False
Is 16635456997 a prime number?
False
Is 29966734673 a composite number?
True
Is 17808851849 prime?
True
Is 4736714381 composite?
True
Is 5667265127 a prime number?
True
Is 1857683609 a composite number?
False
Is 396616031 prime?
False
Is 31502239 a prime number?
False
Is 15126643445 a prime number?
False
Is 46537711937 composite?
True
Is 5830134097 a prime number?
False
Is 609312551 composite?
False
Is 11151186791 prime?
True
Is 12689140091 composite?
False
Is 5204730799 prime?
True
Is 1880036923 a composite number?
False
Is 15044737387 prime?
True
Is 72798871919 composite?
False
Is 8153019293 prime?
False
Is 600175151 a composite number?
True
Is 1584682007 composite?
False
Is 41446812019 a composite number?
False
Is 959405011 prime?
False
Is 1028356711 composite?
True
Is 1221218881 a prime number?
False
Is 17147306413 composite?
True
Is 95547653 a composite number?
True
Is 2621025109 a composite number?
False
Is 226253507 prime?
False
Is 2373826933 composite?
False
Is 2371324921 a composite number?
True
Is 3326124251 a composite number?
True
Is 1341807739 composite?
True
Is 389207981 a prime number?
False
Is 69415316597 prime?
False
Is 3689466889 a composite number?
False
Is 5332932637 a composite number?
True
Is 249793177 composite?
True
Is 1069567409 composite?
False
Is 2781276479 prime?
False
Is 7798073909 prime?
True
Is 1194571537 prime?
True
Is 183138941 composite?
False
Is 10519414351 prime?
False
Is 549338419 composite?
True
Is 20158501469 prime?
True
Is 202611221971 composite?
False
Is 57299353 a prime number?
False
Is 2062535213 composite?
False
Is 1456836839 composite?
True
Is 71961953419 prime?
True
Is 5006086667 prime?
True
Is 1281977227 composite?
False
Is 105204225947 a composite number?
False
Is 50029121 prime?
True
Is 3737400721 prime?
True
Is 41640868799 a composite number?
True
Is 8855453041 composite?
False
Is 33904751389 composite?
True
Is 3706369141 composite?
True
Is 1554195337 a composite number?
False
Is 66531793441 prime?
False
Is 46732347091 a composite number?
False
Is 40969835081 a prime number?
False
Is 10509863957 a composite number?
True
Is 3609364939 a prime number?
False
Is 23175643 composite?
True
Is 11196971053 composite?
False
Is 1291895939 composite?
False
Is 138286921 prime?
False
Is 706774207 composite?
True
Is 1256863 prime?
True
Is 110744070787 composite?
True
Is 6642162091 composite?
False
Is 1780052207 a composite number?
False
Is 1178138341 a composite number?
True
Is 1732807383 a prime number?
False
Is 6260875267 a composite number?
False
Is 87707297 composite?
False
Is 17882401195 a prime number?
False
Is 132957461027 prime?
True
Is 8669480506 a prime number?
False
Is 76831957 composite?
True
Is 562610261 a prime number?
False
Is 9101417137 composite?
False
Is 85274249147 composite?
False
Is 12366715849 a composite number?
True
Is 29051920277 a prime number?
True
Is 1355824847 prime?
False
Is 3140005639 a prime number?
False
Is 148683636763 composite?
True
Is 752828953 composite?
False
Is 1653524317 a composite number?
False
Is 130618183 composite?
False
Is 54419004803 prime?
False
Is 31636817263 composite?
True
Is 1890299639 prime?
False
Is 23543564993 a prime number?
False
Is 1498407191 composite?
False
Is 8178686393 prime?
False
Is 2845375177 prime?
True
Is 24682865749 a prime number?
False
Is 45189994 composite?
True
Is 2833868809 a prime number?
True
Is 17135976541 prime?
True
Is 9054668617 a prime number?
False
Is 645341639 composite?
False
Is 7960496437 a composite number?
False
Is 128646689 prime?
True
Is 54377507191 a prime number?
False
Is 34214255851 composite?
False
Is 255620153 a prime number?
True
Is 32017795711 a prime number?
False
Is 4828776371 a composite number?
False
Is 1960543631 prime?
False
Is 50326559999 composite?
True
Is 1918920793 a prime number?
False
Is 1725261103 a composite number?
False
Is 1973979401 a prime number?
True
Is 50194291267 prime?
True
Is 470511467 a composite number?
False
Is 37256888693 prime?
True
Is 303002419 prime?
True
Is 83914109239 a composite number?
False
Is 438728401 a composite number?
True
Is 541679423 a composite number?
True
Is 471688583 a composite number?
False
Is 54792007 a prime number?
False
Is 46302572242 composite?
True
Is 33757517 a composite number?
True
Is 7268814731 a prime number?
False
Is 1143669911 a prime number?
True
Is 1480674391 prime?
False
Is 895031719 a composite number?
False
Is 8124062339 a composite number?
False
Is 2013402481 prime?
False
Is 61932360011 a composite number?
False
Is 937180763 composite?
False
Is 1123361779 a prime number?
True
Is 559443499 a composite number?
False
Is 1356698227 a composite number?
True
Is 10201900157 a composite number?
True
Is 2627859173 a composite number?
True
Is 8333964857 a composite number?
False
Is 332136684521 a composite number?
False
Is 386811787 a prime number?
True
Is 5098856585 prime?
False
Is 28935350809 prime?
True
Is 33162688201 composite?
True
Is 12094590307 a composite number?
True
Is 1516469529 a composite number?
True
Is 2327333003 a prime number?
False
Is 2326336531 composite?
False
Is 199066988609 a composite number?
False
Is 17038930543 a composite number?
False
Is 540471367 a prime number?
True
Is 320795617 a composite number?
False
Is 151233877 a prime number?
True
Is 334749133 prime?
False
Is 5730999211 composite?
True
Is 7432287623 composite?
True
Is 7741354897 a prime number?
True
Is 935656873 a prime number?
False
Is 663814087 prime?
True
Is 16602142097 a composite number?
False
Is 6875897 composite?
True
Is 19096532853 a prime number?
False
Is 8363192759 a prime number?
True
Is 99287735179 composite?
False
Is 2618748541 prime?
False
Is 3761126519 prime?
True
Is 176910863 prime?
False
Is 2607287819 composite?
False
Is 12040163342 a prime number?
False
Is 49513653505 a prime number?
False
Is 201456407 a composite number?
False
Is 157009720093 composite?
False
Is 7314528223 prime?
False
Is 88454459 a prime number?
True
Is 41316045299 prime?
True
Is 83331054559 prime?
True
Is 1376516471 prime?
F